+ u(h). What is f(24)?
38
Let t(d) = 5*d - 10. Let x(y) = 15 - 5 + 6*y - 20. Let v(i) = 5*t(i) - 4*x(i). Give v(12).
2
Suppose -13 = -3*p + 4*v + 24, -2*p + 20 = 2*v. Let q(a) = -5*a**2 - 5*a - 2. Let x(c) = -9*c**2 - 11*c - 4. Let n(y) = p*q(y) - 6*x(y). Determine n(11).
2
Let p(t) be the third derivative of -t**4/8 - 26*t**3/3 - 2*t**2 + 286*t - 7. Calculate p(-19).
5
Let d(k) = k**2 + k + 2. Suppose -m = m + 5*j - 22, j = -5*m + 32. Let b(w) = -w**2 + 3*w + 22. Let i be b(m). Suppose -i*a - 5 = 7. What is d(a)?
8
Let d(o) = -13*o**2 - 14*o - 3. Let v(s) = 29*s**2 + 28*s + 4. Let k(r) = -9*d(r) - 4*v(r). Determine k(-14).
11
Let h(a) = 62*a - 1285 - 105*a - 43*a. Calculate h(-15).
5
Let b(y) = 3*y**2 - 46*y - 2. Let t = -1097 - -1113. Calculate b(t).
30
Let l(b) = -1583*b**2 + 4731*b**2 - 1577*b**2 + 3*b - 1576*b**2 - 8*b + b**3. Let n be 4 - -4 - (-1 + 3). What is l(n)?
6
Let y(z) = z**3 + 16*z**2 + 14*z + 20. Let o be 344/(-430) + 142/(-10). What is y(o)?
35
Let c = 94 - 86. Let p be -8*(37/c - 5). Let q(j) = -3*j + 1. What is q(p)?
-8
Let k(i) = 58 - 10*i - 55 + 24*i + 69 + 62. Calculate k(-11).
-20
Suppose -72 = -6*b + 6. Suppose 0 = 3*i + b - 49. Let n(y) = 11*y + 4 + i*y - y**2 - 31*y + 12*y. Determine n(4).
4
Let z = -700 - -703. Let p(f) = 9*f + 4 + 7*f**2 + 3659*f**3 - 2*f**2 + f**2 - 3658*f**z + f**2. Give p(-6).
-14
Let f(l) be the second derivative of -l**6/360 - l**5/20 - l**4/12 - 5*l**3/6 + 8*l**2 + 282*l. Let j(n) be the second derivative of f(n). What is j(-5)?
3
Let b(n) = n**3 + 18*n**2 + 20*n - 21. Let o(p) = p**3 + 20*p**2 + 21*p - 21. Let a(f) = 3*b(f) - 4*o(f). What is a(-25)?
-4
Suppose -2*d + 4*p - 14 = 8*p, 4*p = 3*d - 29. Let r(t) = -3*t**2 + 3*t - 4. Let w be r(d). Let v = -27 - w. Let g(q) = q**3 + 7*q**2 + 6*q - 3. What is g(v)?
17
Suppose -77 = -4*v - 17. Suppose -10*l = -v*l + 15. Let z be (0/(l/4*4))/1. Let s(a) = -a**2 + a + 8. Calculate s(z).
8
Let x be (1/(-3)*1)/(11/(-33)). Suppose -5*q = -6*q + 3. Let v be (q - (x - -4))*(-2 + 1). Let m(p) = 4*p + 2. Determine m(v).
10
Suppose -30*u = 95*u + 281*u - 5684. Let l(m) be the first derivative of -m**3/3 + 15*m**2/2 - 18*m - 1. What is l(u)?
-4
Let g(m) = -m**2 - 17*m + 6. Suppose -2*j + 85 = -7*j. Let p be g(j). Let r(f) = -11*f - p*f + 16*f - 1. Give r(-4).
3
Suppose -5*g - h = 67, g = -36*h + 31*h + 1. Let w(q) = 6*q + 87. Determine w(g).
3
Let z(o) = -o**2 + 7. Let m(g) be the first derivative of g**3/3 - 6*g + 1. Let p(h) = -6*m(h) - 5*z(h). Let l = 120552 - 120549. Calculate p(l).
-8
Suppose -4*x + 184 = -340. Let m(w) = -45 + x - 65 - 3*w. What is m(6)?
3
Let d(y) be the first derivative of 8/3*y**3 - 7*y - 123 - 1/4*y**4 + 5*y**2. Suppose 0 = 4*h - 28 - 8. Give d(h).
2
Let c(p) be the third derivative of p**6/120 + p**5/12 + p**4/24 - 3*p**3 - 2*p**2 + 1240. What is c(-3)?
-3
Let v(w) be the third derivative of w**6/120 - 3*w**5/20 + w**4/3 + 11*w**3/6 + 11*w**2. Suppose -15*q = -4*b - 11*q + 40, b - 14 = 3*q. Calculate v(b).
11
Let m(q) = -q**2 - 33*q - 95. Suppose -35*p - 11*p - 2813 = 51*p. Give m(p).
21
Suppose 6*s = 3*s + 12. Let o(u) = 2*u - 3. Let m(i) = 3*i - 3. Let c(h) = s*o(h) - 3*m(h). Let r = 56 + -62. What is c(r)?
3
Let p(s) = 7*s**2 - 31*s - 1. Let j = 754 - 759. Let r(d) = 8*d**2 - 25*d - 1. Let h(w) = j*r(w) + 4*p(w). What is h(-1)?
-12
Let c(p) = 3*p**2 - 25*p - 23. Let a be c(9). Let x(b) = 14*b**2 + 3*b - 8. Let j(t) = 28*t**2 + 4*t - 14. Let h(d) = a*x(d) + 3*j(d). Give h(-1).
15
Suppose 27*u - 5*f + 60 = 23*u, 5*u + 4*f + 116 = 0. Let g(d) = d**3 + 21*d**2 + 20*d + 6. Calculate g(u).
6
Let s(h) = h**3 - 6*h**2 - 6*h + 1. Let a(v) = -v**2 + 19*v - 58. Let q be a(8). Suppose -7*z - 5*r = -10*z + 11, q = 4*z + r. What is s(z)?
8
Let d(p) = 2*p**2 - 27*p + 84. Let u be d(8). Let h(y) = 8*y + 24. Determine h(u).
-8
Let i(c) = 8*c + 43. Let t(o) = -16*o - 66. Let f(v) = -11*i(v) - 6*t(v). What is f(9)?
-5
Let j(n) = 108*n - 18. Let h(f) = -5*f + 1. Let z(c) = -45*h(c) - 2*j(c). Determine z(2).
9
Let x(a) = -10*a**2 - a - 39. Let g be x(-8). Let y = -675 - g. Let f(r) be the first derivative of 2*r**2 - 3*r - 1. Give f(y).
-19
Let w = -18892 - -18898. Let s(f) = f**2 - 3*f - 12. Determine s(w).
6
Let y(w) = -w**3 + 8*w**2 - 4*w + 7. Suppose 5*v - 19 = -2*o, -9*v - o - 10 = -13*v. Suppose i + 23 + 14 = 5*d, -2*d + 7 = -v*i. What is y(d)?
-25
Let k(o) be the first derivative of o**3/3 - 2*o**2 + 1557. Let f = 15 - 8. Give k(f).
21
Let n(o) = -33*o**2 - 2*o + 1. Suppose -16*i - 1669 = -1685. Determine n(i).
-34
Let g(z) = -z**2 - 16*z + 45. Suppose 0 = 951*c - 952*c - w - 17, 2*c + 4*w + 30 = 0. What is g(c)?
-12
Suppose 25 = -5*y + 13*y + 1. Let f(l) be the first derivative of -1/2*l**2 + 1/4*l**4 + l**y + 4 - 3*l. Calculate f(-4).
-15
Let d = -104 + 136. Suppose 8 = -6*l + d. Let c(y) be the third derivative of -y**4/6 + 2*y**3/3 - 2*y**2. What is c(l)?
-12
Suppose 11*i - 2028 = 568. Let m(z) = 4*z - 113 + i - 118. Give m(-8).
-27
Let w(l) = -l**2 + l + 7. Let y be -7 + 1*-2 + (31 - 24). Let a be 10*(14/56)/(y/4). What is w(a)?
-23
Let d(c) = -4*c + 1. Let q(k) = 3*k. Let f(h) = 2*d(h) + 3*q(h). Suppose 58 = 5*j - 32. Suppose -2*w = 3*t + j, -6*t + t - 30 = -3*w. Give f(t).
-4
Let o be (-3 + 1)*(-6)/(-3). Let p(h) be the first derivative of -h**2/2 - 3491. Calculate p(o).
4
Let d = -14471 + 14449. Let q(r) = r**2 + 19*r - 21. Give q(d).
45
Let b(y) = -16*y + 49. Let n(z) = 11*z - 33. Let s(x) = -5*b(x) - 7*n(x). Let v(i) = -7*i + 30. Let h(f) = 5*s(f) + 2*v(f). What is h(12)?
2
Let u(b) = 2*b - 3. Let p(z) = 25*z + 24*z - 70*z + 14 + 22*z. Let q be p(-12). Give u(q).
1
Suppose -518 = 48*a - 998. Let y(c) = -6*c + 55. What is y(a)?
-5
Let n(p) = -p**3 - 10*p**2 - 13*p - 33. Let w(c) = -c**2 + 26*c - 177. Let q be w(14). Determine n(q).
3
Suppose -q + 5 = -2*a, -7*a = -q - 2*a + 20. Suppose 2*u - 3 = 7, 0 = -2*p - 5*u + 29. Let r(o) = -6*o**2 + 5*o**2 - 6*o + p*o. Give r(q).
-5
Let w(y) be the second derivative of y**4/12 + 2*y**3/3 + y**2/2 - 11*y. Let d = 7172 - 7172. Calculate w(d).
1
Let s(o) = -6*o**2 + 9*o + 14. Let w = -16335 + 16333. What is s(w)?
-28
Let s be 138/(-322) + (-17)/(-7). Let z(b) = -3*b**s - 58*b**3 - 3*b - 9 + 115*b**3 - 56*b**3. Give z(4).
-5
Let y = -488 - -977/2. Let f(x) be the first derivative of 0*x - x**2 + 4 - y*x**4 - 2/3*x**3. Calculate f(-2).
12
Let t(l) be the first derivative of l**5/120 + 2*l**4/3 + 4*l**3 - 2*l + 25. Let f(n) be the third derivative of t(n). Determine f(-7).
9
Let f(p) = 6*p - 3. Let z(d) = 7*d - 4. Let o(i) = 4*f(i) - 3*z(i). Suppose -5*v = 4*m + 91, 13*v - 154 = m + 23*v. Give o(m).
-12
Let p(w) = -8*w - 203. Let d be p(-23). Let v(k) = k + 18. Calculate v(d).
-1
Let u(a) = -a - 14. Let c(s) = -s**2 + 11*s + 208. Let v be c(21). Let y be 34/(-255) + v/((-60)/(-206)). Calculate u(y).
-7
Suppose -41 + 41 = 2*g. Let f(n) = -1 - 14*n - 14*n - n**2 + g + 30*n. Suppose -h - 4*q + 8*q - 13 = 0, 4*q = 16. Give f(h).
-4
Let v(l) be the second derivative of -l**7/840 + l**6/45 - 7*l**5/120 - 7*l**4/24 + 37*l**3/6 - 10*l. Let i(z) be the second derivative of v(z). Determine i(7).
-7
Let v(a) = a**2 + 14*a + 19. Let j(q) = q + 2. Let b(m) = -5*j(m) + v(m). What is b(-10)?
19
Let c(l) = 363*l**2 + 22*l + 100*l**2 - 557*l**2 + 68 + 95*l**2. Calculate c(-18).
-4
Let s(o) = -o + 22. Let g(i) = 3*i + 54. Let c(y) = g(y) - s(y). What is c(-7)?
4
Let h(g) = -g - 6. Suppose 284 = 133*w + 9*w. Determine h(w).
-8
Let t(l) be the first derivative of l**3/3 - 9*l**2/2 + 13*l + 128. Suppose 77 = 59*i - 48*i. Determine t(i).
-1
Let f = -192 - -211. Let b(p) = -20 - f + 63 + p - 22. What is b(2)?
4
Let b(o) = 4*o**2 - 7*o. Let z(p) = -9*p**2 + 14*p. Let k(a) = 7*b(a) + 3*z(a). Suppose -87*u + 36 = 3*r - 84*u, r = -4*u + 24. Give k(r).
8
Let a(q) = q**2 + q - 4. Let v be -2*1*57/(-6). Suppose 0 = -v*h + 11*h. Give a(h).
-4
Suppose -531 = -115*r - 195*r + 1019. Let j(s) = -2*s**2 - 4*s - 1. Give j(r).
-71
Let q(c) = -3*c + 97. Let f(n) = 2*n - 77. Let g(t) = -4*f(t) - 3*q(t). Give g(4).
21
Let u = 106 + -100. Let z(a) be the third derivative of -a**4/12 + 7*a**3/6 + 6*a**2. Calculate z(u).
-5
Let h = -303 + 327. Let r(i) = 0*i - h*i + 7 + 23*i. Determine r(7).
0
Let a(o) = 13*o**2 - 40*o + 89. Let y(d) = 11